479?
True
Does 440 divide 7956973714?
False
Is 6 a factor of 20349157?
False
Is 400398284 a multiple of 22?
True
Does 1503 divide 234997056?
True
Is 18 a factor of 2640814?
False
Is 65 a factor of 172893175?
True
Is 283168220 a multiple of 2853?
False
Does 16 divide 60282878?
False
Does 3929 divide 82718870?
False
Does 404 divide 61013967?
False
Is 7642996 even?
True
Does 154 divide 2061758006?
True
Is 286 a factor of 10740444?
True
Does 4144 divide 67994752?
True
Does 335 divide 721171920?
True
Is 15424044 a multiple of 31?
False
Does 12 divide 37514842?
False
Is 118442613 a multiple of 31?
False
Is 3 a factor of 62909699?
False
Is 697704718 a multiple of 34?
True
Is 164 a factor of 391542166?
False
Is 1234 a factor of 87982036?
False
Is 298964276 a multiple of 409?
True
Is 9 a factor of 150073569?
True
Is 223225464 a multiple of 616?
True
Does 511 divide 840167172?
False
Does 210 divide 403902030?
True
Is 213 a factor of 1244846337?
True
Does 692 divide 168123347?
False
Does 1279 divide 3123448458?
True
Does 27 divide 708821847?
True
Is 217969450 a multiple of 118?
False
Is 7577 a factor of 1264592921?
False
Is 48 a factor of 102730814?
False
Does 5 divide 349097385?
True
Does 35 divide 132186087?
False
Does 20 divide 161038000?
True
Is 1202043 a multiple of 40?
False
Does 21 divide 50748222?
True
Is 1446 a factor of 62535162?
True
Is 748901478 a multiple of 9147?
True
Is 181056096 a multiple of 13?
True
Is 61961468 a multiple of 9?
False
Is 34079695 a multiple of 845?
True
Is 1017 a factor of 163255302?
False
Is 51903300 a multiple of 62?
True
Is 9 a factor of 129058332?
False
Is 200820204 a multiple of 48?
False
Does 51 divide 5150667?
False
Is 14632861 a multiple of 14?
False
Is 1472 a factor of 677261932?
False
Is 6465546 a multiple of 183?
False
Is 1808326 a multiple of 88?
False
Is 31848518 a multiple of 11?
False
Is 80 a factor of 740039040?
True
Is 14 a factor of 32734800?
True
Is 188596263 a multiple of 55?
False
Is 55 a factor of 2691150?
True
Does 156 divide 1101289915?
False
Does 12 divide 23273748?
True
Is 5966420824 a multiple of 13?
True
Does 2 divide 5916023?
False
Is 77090669 a multiple of 9?
False
Is 11 a factor of 549818327?
False
Is 152 a factor of 27130480?
True
Does 236 divide 5521282?
False
Is 116998222 a multiple of 16?
False
Is 12 a factor of 182235300?
True
Does 650 divide 7844200?
True
Is 45 a factor of 81779994?
False
Is 85 a factor of 40381648?
False
Does 15 divide 59516570?
False
Is 1749129800 a multiple of 20?
True
Does 223 divide 39727444?
False
Is 949 a factor of 95186598?
True
Does 10 divide 73315851?
False
Is 106 a factor of 794495?
False
Is 137 a factor of 60920501?
False
Does 55 divide 16742825?
True
Is 80542517 a multiple of 11?
True
Does 12 divide 26415984?
True
Is 2879 a factor of 122086874?
True
Is 389667203 a multiple of 2?
False
Is 43615652 a multiple of 29?
True
Is 16068 a factor of 5323041807?
False
Does 3 divide 13139750?
False
Is 48014497 a multiple of 1664?
False
Is 43861725 a multiple of 1291?
True
Does 233 divide 3630368987?
False
Is 83 a factor of 93727999?
True
Is 181621094 a multiple of 1237?
False
Is 1026 a factor of 81590598?
True
Is 644678023 a multiple of 137?
True
Is 63 a factor of 398147652?
True
Is 104 a factor of 349212426?
False
Is 613230716 a multiple of 3524?
False
Does 330 divide 71088270?
True
Is 1164270525 a multiple of 685?
True
Is 11378233 a multiple of 24?
False
Is 256 a factor of 35790592?
True
Is 1246951 a multiple of 106?
False
Does 8 divide 204184?
True
Is 1415 a factor of 177329335?
False
Does 32 divide 26973248?
True
Is 990 a factor of 4261173840?
True
Is 12767 a factor of 787600285?
False
Does 724 divide 89559524?
True
Is 22 a factor of 1022362022?
True
Is 128426991 a multiple of 8?
False
Does 13 divide 1389722867?
True
Is 19 a factor of 149221626?
False
Is 1876 a factor of 6863657416?
True
Does 5 divide 36101616?
False
Does 5 divide 15963719?
False
Is 603 a factor of 2111706603?
True
Does 436 divide 255498616?
True
Is 1437 a factor of 144511905?
True
Does 9 divide 78285501?
True
Does 22 divide 2031048986?
False
Is 30602973 a multiple of 497?
False
Is 30 a factor of 99168154?
False
Is 4386 a factor of 684430914?
True
Is 18 a factor of 19596474?
True
Is 53 a factor of 1032622532?
True
Is 28746050 a multiple of 19?
True
Is 39 a factor of 62199867?
False
Is 7 a factor of 566549074?
True
Is 10443850 a multiple of 12?
False
Does 253 divide 17275786?
False
Does 43 divide 166917354?
False
Is 1983 a factor of 126495124?
False
Does 562 divide 48633926?
False
Does 587 divide 121092896?
False
Is 4 a factor of 16035732?
True
Is 519 a factor of 266214303?
True
Is 27 a factor of 17684773?
False
Is 5164533 a multiple of 297?
True
Does 3 divide 631810743?
True
Does 296 divide 30233707?
False
Does 16 divide 173933856?
True
Does 54 divide 41961349?
False
Does 34 divide 99562404?
True
Is 45 a factor of 22955484?
False
Is 126396524 a multiple of 644?
False
Is 43 a factor of 319493096?
True
Is 877932704 a multiple of 44?
True
Is 17047354 a multiple of 544?
False
Is 173746973 a multiple of 937?
True
Is 3706599 a multiple of 402?
False
Does 26 divide 4045764?
False
Is 59697698 a multiple of 703?
False
Is 186 a factor of 39487859?
False
Is 1376 a factor of 605753728?
True
Does 67 divide 46811292?
True
Does 73 divide 11070385?
False
Does 42 divide 1962642876?
False
Is 18110229 a multiple of 61?
True
Is 1268 a factor of 289635204?
False
Is 407614672 a multiple of 412?
True
Is 11138 a factor of 3799688792?
False
Does 3283 divide 48345262?
False
Is 383 a factor of 959284397?
True
Does 3371 divide 504995689?
False
Is 37 a factor of 113321861?
True
Is 5975264 a multiple of 178?
False
Does 138 divide 1366939956?
True
Is 100108827 a multiple of 21?
True
Does 40 divide 15321999?
False
Is 318 a factor of 413565678?
True
Is 1467769510 a multiple of 415?
True
Is 4 a factor of 11287008?
True
Is 26074866 a multiple of 741?
False
Is 32 a factor of 1255035?
False
Is 234 a factor of 773406511?
False
Does 209 divide 79488003?
False
Is 12270307 a multiple of 1691?
False
Is 18 a factor of 5324355788?
False
Does 18 divide 1712939618?
False
Is 1008499588 a multiple of 762?
False
Does 17 divide 8086543?
True
Is 1125 a factor of 2909595375?
True
Is 2370 a factor of 123711630?
True
Is 1096 a factor of 603266919?
False
Is 371 a factor of 66246873?
True
Does 10 divide 331195731?
False
Is 77254875 a multiple of 129?
True
Is 3678918 a multiple of 35?
False
Is 218371515 a multiple of 4577?
False
Does 277 divide 598139050?
False
Does 66 divide 4357836?
False
Does 128 divide 693837312?
True
Is 381911380 a multiple of 13?
False
Is 2982 a factor of 169353744?
True
Does 93 divide 1033114494?
True
Is 42 a factor of 4252584?
True
Is 188 a factor of 20299016?
False
Is 292761955 a multiple of 1620?
False
Is 34010100 a multiple of 575?
True
Is 93914289 a multiple of 22?
False
Does 148 divide 7551996?
True
Is 837 a factor of 538811430?
False
Is 36 a factor of 413677476?
True
Does 497 divide 36211930?
False
Does 91 divide 79994236?
False
Is 35577943 even?
False
Does 79 divide 70574459?
False
Is 7559003 a multiple of 4?
False
Is 1009 a factor of 434264519?
True
Does 1980 divide 409235145?
False
Is 685117816 a multiple of 34?
True
Does 19 divide 180600154?
False
Is 258 a factor of 1020703470?
True
Is 28934257 a multiple of 83?
False
Does 1533 divide 106755218?
False
Is 155925075 a multiple of 1455?
True
Is 591172008 a multiple of 17?
True
Does 8 divide 414069523?
False
Does 6 divide 9410223?
False
Does 172 divide 1918033?
False
Is 4196989 a multiple of 7?
False
Is 100 a factor of 27835400?
True
Is 173415970 a multiple of 1498?
True
Is 4958 a factor of 3189811331?
False
Does 67 divide 9339532?
True
Does 6 divide 27316540?
False
Is 36 a factor of 6817284?
True
Is 9 a factor of 4573917?
True
Is 1727 a factor of 17988927?
False
Is 50 a factor of 308157870?
False
Is 26 a factor of 3848017585?
False
Does 1461 divide 50928999?
True
Is 3325449644 a multiple of 2222?
True
Is 8 a factor of 7739678?
False
Is 9 a factor of 11694999?
False
Is 85907743 a multiple of 733?
False
Is 79613165 a multiple of 1163?
True
Is 9 a factor of 2425704?
False
Does 39 divide 1237877012?
False
Is 51 a factor of 184620?
True
Is 19 a factor of 4727029?
True
Is